{"id":2119,"date":"2024-09-12T15:30:35","date_gmt":"2024-09-12T15:30:35","guid":{"rendered":"https:\/\/lacasalatina.de\/what-we-do\/"},"modified":"2024-09-13T20:39:24","modified_gmt":"2024-09-13T20:39:24","slug":"what-we-do","status":"publish","type":"page","link":"https:\/\/lacasalatina.de\/es\/what-we-do\/","title":{"rendered":"Qui\u00e9nes somos?"},"content":{"rendered":"<div class=\"wp-block-uagb-container uagb-block-19660d25 alignfull uagb-is-root-container\"><div class=\"uagb-container-inner-blocks-wrap\">\n<div class=\"wp-block-uagb-advanced-heading uagb-block-7bc83566\"><div class=\"uagb-separator\"><\/div><h2 class=\"uagb-heading-text\">Bienvenidos a La Casa Latina e.V.!<\/h2><\/div>\n\n\n\n<p>Queremos promover un mundo donde todos tengan la oportunidad de ser escuchados y realizar sus ideas. Aspiramos a cultivar una ciudadan\u00eda responsable, sensible y activa, que contribuya de manera positiva al presente y futuro de sus comunidades y al medio ambiente.<\/p>\n\n\n\n<p style=\"padding-top:0;padding-bottom:0\"> Somos una asociaci\u00f3n sin fines de lucro, fundada con la convicci\u00f3n de que, juntos, podemos hacer una diferencia positiva en el mundo. Nuestra misi\u00f3n es promover el respeto y el intercambio cultural dentro de la diversidad. Estamos comprometidos con el fortalecimiento del entendimiento y el respeto entre diferentes culturas y comunidades, a trav\u00e9s de proyectos y la participaci\u00f3n en eventos interculturales. Juntos trabajamos en proyectos sostenibles que mejoran las condiciones de vida en las regiones en desarrollo, apoyando iniciativas que fomentan la educaci\u00f3n, la salud y las oportunidades econ\u00f3micas locales. El arte y la cultura conectan a las personas sin importar fronteras. Brindamos a los artistas una plataforma para enriquecer el intercambio y la creatividad en nuestra sociedad. Creemos que la educaci\u00f3n es la clave para un futuro mejor, por lo que estamos involucrados en proyectos educativos que abren nuevas perspectivas para personas de todas las edades y fomentan el aprendizaje a lo largo de la vida.<\/p>\n<\/div><\/div>\n\n\n\n<div class=\"wp-block-uagb-container uagb-block-e947756a alignfull uagb-is-root-container\"><div class=\"uagb-container__shape uagb-container__shape-bottom uagb-container__shape-flip uagb-container__invert\" data-negative=\"false\"><svg xmlns=\"https:\/\/www.w3.org\/2000\/svg\" viewbox=\"0 0 1000 100\" preserveaspectratio=\"none\"><path class=\"uagb-container__shape-fill\" d=\"M0,6V0h1000v100L0,6z\"><\/path><\/svg><\/div><div class=\"uagb-container-inner-blocks-wrap\">\n<div class=\"wp-block-uagb-container uagb-block-afe08bf3\">\n<div class=\"wp-block-uagb-info-box uagb-block-252663dd uagb-infobox__content-wrap  uagb-infobox-icon-above-title uagb-infobox-image-valign-top\"><div class=\"uagb-ifb-content\"><div class=\"uagb-ifb-title-wrap\"><h2 class=\"uagb-ifb-title\">Nuestros Valores<\/h2><\/div><div class=\"uagb-ifb-separator\"><\/div><\/div><\/div>\n\n\n\n<div class=\"wp-block-uagb-container uagb-block-ff54988c\">\n<div class=\"wp-block-uagb-container uagb-block-e730558c\">\n<div class=\"wp-block-uagb-info-box uagb-block-fb947510 uagb-infobox__content-wrap  uagb-infobox-icon-above-title uagb-infobox-image-valign-top\"><div class=\"uagb-ifb-content\"><div class=\"uagb-ifb-title-wrap\"><h3 class=\"uagb-ifb-title\">Nuestra base para el cambio<\/h3><\/div><p class=\"uagb-ifb-desc\">Nuestro mundo enfrenta grandes desaf\u00edos, pero creemos firmemente que la acci\u00f3n colectiva puede marcar la diferencia. Nuestro foco est\u00e1 en la <strong>Diversidad<\/strong>, <strong>Sostenibilidad<\/strong> y <strong>pers\u00f6nliche Entwicklung<\/strong> \u2013 Valores que no s\u00f3lo dan forma a nuestros proyectos, sino que tambi\u00e9n forman la base para un cambio real y positivo en nuestra sociedad. A trav\u00e9s de estos principios, no s\u00f3lo promovemos un mundo m\u00e1s justo y m\u00e1s respetuoso con el medio ambiente, sino que tambi\u00e9n creamos espacios para el desarrollo individual y el crecimiento compartido. Juntos estamos dando forma a un futuro que tenga en cuenta a las personas y la naturaleza y ofrezca oportunidades para todos.<\/p><\/div><\/div>\n<\/div>\n\n\n\n<div class=\"wp-block-uagb-container uagb-block-ce404ffa\">\n<div class=\"wp-block-uagb-info-box uagb-block-12c7cbbd uagb-infobox__content-wrap  uagb-infobox-icon-above-title uagb-infobox-image-valign-top\"><div class=\"uagb-ifb-content\"><div class=\"uagb-ifb-title-wrap\"><h5 class=\"uagb-ifb-title-prefix\">01.<\/h5><h4 class=\"uagb-ifb-title\">\u2014 Diversidad<\/h4><\/div><p class=\"uagb-ifb-desc\">Creemos en el poder de la diversidad. En nuestra comunidad promovemos la uni\u00f3n y el intercambio respetuoso entre diferentes culturas y personalidades. Cada persona, independientemente de su origen o procedencia, aporta perspectivas valiosas que enriquecen y fortalecen la convivencia.<\/p><\/div><\/div>\n\n\n\n<div class=\"wp-block-uagb-info-box uagb-block-c7272f74 uagb-infobox__content-wrap  uagb-infobox-icon-above-title uagb-infobox-image-valign-top\"><div class=\"uagb-ifb-content\"><div class=\"uagb-ifb-title-wrap\"><h5 class=\"uagb-ifb-title-prefix\">02.<\/h5><h4 class=\"uagb-ifb-title\">\u2014 Sostenibilidad<\/h4><\/div><p class=\"uagb-ifb-desc\">Nuestra visi\u00f3n es un futuro sostenible para todos. Estamos activamente comprometidos con la protecci\u00f3n del medio ambiente, el reciclaje y el uso de energ\u00edas renovables. Juntos podemos implementar proyectos que hagan que nuestro mundo sea m\u00e1s verde, ya sea apoyando iniciativas existentes o introduciendo ideas nuevas y creativas.<\/p><\/div><\/div>\n\n\n\n<div class=\"wp-block-uagb-info-box uagb-block-1675e9f3 uagb-infobox__content-wrap  uagb-infobox-icon-above-title uagb-infobox-image-valign-top\"><div class=\"uagb-ifb-content\"><div class=\"uagb-ifb-title-wrap\"><h5 class=\"uagb-ifb-title-prefix\">03.<\/h5><h4 class=\"uagb-ifb-title\">\u2014 Desarrollo Personal<\/h4><\/div><p class=\"uagb-ifb-desc\">Queremos ayudar a las personas a desarrollar todo su potencial. Al promover el acceso a la educaci\u00f3n, el trabajo y la salud, creamos las bases para una vida plena y autodeterminada. Toda persona tiene derecho al desarrollo personal y a la posibilidad de realizar sus sue\u00f1os.<\/p><\/div><\/div>\n<\/div>\n<\/div>\n<\/div>\n<\/div><\/div>","protected":false},"excerpt":{"rendered":"<p>Willkommen bei La Casa Latina e.V.! Wir wollen eine Welt schaffen, in der jeder die Chance hat, geh\u00f6rt zu werden und seine Ideen umzusetzen. Unser Ziel ist es, eine verantwortungsvolle, [&hellip;]<\/p>","protected":false},"author":1,"featured_media":0,"parent":0,"menu_order":0,"comment_status":"closed","ping_status":"closed","template":"","meta":{"_uag_custom_page_level_css":"","site-sidebar-layout":"no-sidebar","site-content-layout":"page-builder","ast-site-content-layout":"full-width-container","site-content-style":"unboxed","site-sidebar-style":"unboxed","ast-global-header-display":"","ast-banner-title-visibility":"","ast-main-header-display":"","ast-hfb-above-header-display":"","ast-hfb-below-header-display":"","ast-hfb-mobile-header-display":"","site-post-title":"disabled","ast-breadcrumbs-content":"","ast-featured-img":"disabled","footer-sml-layout":"","theme-transparent-header-meta":"","adv-header-id-meta":"","stick-header-meta":"","header-above-stick-meta":"","header-main-stick-meta":"","header-below-stick-meta":"","astra-migrate-meta-layouts":"set","ast-page-background-enabled":"default","ast-page-background-meta":{"desktop":{"background-color":"","background-image":"","background-repeat":"repeat","background-position":"center center","background-size":"auto","background-attachment":"scroll","background-type":"","background-media":"","overlay-type":"","overlay-color":"","overlay-opacity":"","overlay-gradient":""},"tablet":{"background-color":"","background-image":"","background-repeat":"repeat","background-position":"center center","background-size":"auto","background-attachment":"scroll","background-type":"","background-media":"","overlay-type":"","overlay-color":"","overlay-opacity":"","overlay-gradient":""},"mobile":{"background-color":"","background-image":"","background-repeat":"repeat","background-position":"center center","background-size":"auto","background-attachment":"scroll","background-type":"","background-media":"","overlay-type":"","overlay-color":"","overlay-opacity":"","overlay-gradient":""}},"ast-content-background-meta":{"desktop":{"background-color":"var(--ast-global-color-5)","background-image":"","background-repeat":"repeat","background-position":"center center","background-size":"auto","background-attachment":"scroll","background-type":"","background-media":"","overlay-type":"","overlay-color":"","overlay-opacity":"","overlay-gradient":""},"tablet":{"background-color":"var(--ast-global-color-5)","background-image":"","background-repeat":"repeat","background-position":"center center","background-size":"auto","background-attachment":"scroll","background-type":"","background-media":"","overlay-type":"","overlay-color":"","overlay-opacity":"","overlay-gradient":""},"mobile":{"background-color":"var(--ast-global-color-5)","background-image":"","background-repeat":"repeat","background-position":"center center","background-size":"auto","background-attachment":"scroll","background-type":"","background-media":"","overlay-type":"","overlay-color":"","overlay-opacity":"","overlay-gradient":""}},"footnotes":""},"class_list":["post-2119","page","type-page","status-publish","hentry"],"aioseo_notices":[],"uagb_featured_image_src":{"full":false,"thumbnail":false,"medium":false,"medium_large":false,"large":false,"1536x1536":false,"2048x2048":false,"trp-custom-language-flag":false},"uagb_author_info":{"display_name":"LaCasaLatina","author_link":"https:\/\/lacasalatina.de\/es\/author\/proyecto-casa-latinagmail-com\/"},"uagb_comment_info":0,"uagb_excerpt":"Willkommen bei La Casa Latina e.V.! Wir wollen eine Welt schaffen, in der jeder die Chance hat, geh\u00f6rt zu werden und seine Ideen umzusetzen. Unser Ziel ist es, eine verantwortungsvolle, [&hellip;]","_links":{"self":[{"href":"https:\/\/lacasalatina.de\/es\/wp-json\/wp\/v2\/pages\/2119"}],"collection":[{"href":"https:\/\/lacasalatina.de\/es\/wp-json\/wp\/v2\/pages"}],"about":[{"href":"https:\/\/lacasalatina.de\/es\/wp-json\/wp\/v2\/types\/page"}],"author":[{"embeddable":true,"href":"https:\/\/lacasalatina.de\/es\/wp-json\/wp\/v2\/users\/1"}],"replies":[{"embeddable":true,"href":"https:\/\/lacasalatina.de\/es\/wp-json\/wp\/v2\/comments?post=2119"}],"version-history":[{"count":7,"href":"https:\/\/lacasalatina.de\/es\/wp-json\/wp\/v2\/pages\/2119\/revisions"}],"predecessor-version":[{"id":4632,"href":"https:\/\/lacasalatina.de\/es\/wp-json\/wp\/v2\/pages\/2119\/revisions\/4632"}],"wp:attachment":[{"href":"https:\/\/lacasalatina.de\/es\/wp-json\/wp\/v2\/media?parent=2119"}],"curies":[{"name":"wp","href":"https:\/\/api.w.org\/{rel}","templated":true}]}}

Quiénes somos?

<div class="wp-block-uagb-container uagb-block-19660d25 alignfull uagb-is-root-container"><div class="uagb-container-inner-blocks-wrap">
<div class="wp-block-uagb-advanced-heading uagb-block-7bc83566"><div class="uagb-separator"></div><h2 class="uagb-heading-text">Bienvenidos a La Casa Latina e.V.!</h2></div>



<p>Queremos promover un mundo donde todos tengan la oportunidad de ser escuchados y realizar sus ideas. Aspiramos a cultivar una ciudadanía responsable, sensible y activa, que contribuya de manera positiva al presente y futuro de sus comunidades y al medio ambiente.</p>



<p style="padding-top:0;padding-bottom:0"> Somos una asociación sin fines de lucro, fundada con la convicción de que, juntos, podemos hacer una diferencia positiva en el mundo. Nuestra misión es promover el respeto y el intercambio cultural dentro de la diversidad. Estamos comprometidos con el fortalecimiento del entendimiento y el respeto entre diferentes culturas y comunidades, a través de proyectos y la participación en eventos interculturales. Juntos trabajamos en proyectos sostenibles que mejoran las condiciones de vida en las regiones en desarrollo, apoyando iniciativas que fomentan la educación, la salud y las oportunidades económicas locales. El arte y la cultura conectan a las personas sin importar fronteras. Brindamos a los artistas una plataforma para enriquecer el intercambio y la creatividad en nuestra sociedad. Creemos que la educación es la clave para un futuro mejor, por lo que estamos involucrados en proyectos educativos que abren nuevas perspectivas para personas de todas las edades y fomentan el aprendizaje a lo largo de la vida.</p>
</div></div>



<div class="wp-block-uagb-container uagb-block-e947756a alignfull uagb-is-root-container"><div class="uagb-container__shape uagb-container__shape-bottom uagb-container__shape-flip uagb-container__invert" data-negative="false"><svg xmlns="https://www.w3.org/2000/svg" viewbox="0 0 1000 100" preserveaspectratio="none"><path class="uagb-container__shape-fill" d="M0,6V0h1000v100L0,6z"></path></svg></div><div class="uagb-container-inner-blocks-wrap">
<div class="wp-block-uagb-container uagb-block-afe08bf3">
<div class="wp-block-uagb-info-box uagb-block-252663dd uagb-infobox__content-wrap  uagb-infobox-icon-above-title uagb-infobox-image-valign-top"><div class="uagb-ifb-content"><div class="uagb-ifb-title-wrap"><h2 class="uagb-ifb-title">Nuestros Valores</h2></div><div class="uagb-ifb-separator"></div></div></div>



<div class="wp-block-uagb-container uagb-block-ff54988c">
<div class="wp-block-uagb-container uagb-block-e730558c">
<div class="wp-block-uagb-info-box uagb-block-fb947510 uagb-infobox__content-wrap  uagb-infobox-icon-above-title uagb-infobox-image-valign-top"><div class="uagb-ifb-content"><div class="uagb-ifb-title-wrap"><h3 class="uagb-ifb-title">Nuestra base para el cambio</h3></div><p class="uagb-ifb-desc">Nuestro mundo enfrenta grandes desafíos, pero creemos firmemente que la acción colectiva puede marcar la diferencia. Nuestro foco está en la <strong>Diversidad</strong>, <strong>Sostenibilidad</strong> y <strong>persönliche Entwicklung</strong> – Valores que no sólo dan forma a nuestros proyectos, sino que también forman la base para un cambio real y positivo en nuestra sociedad. A través de estos principios, no sólo promovemos un mundo más justo y más respetuoso con el medio ambiente, sino que también creamos espacios para el desarrollo individual y el crecimiento compartido. Juntos estamos dando forma a un futuro que tenga en cuenta a las personas y la naturaleza y ofrezca oportunidades para todos.</p></div></div>
</div>



<div class="wp-block-uagb-container uagb-block-ce404ffa">
<div class="wp-block-uagb-info-box uagb-block-12c7cbbd uagb-infobox__content-wrap  uagb-infobox-icon-above-title uagb-infobox-image-valign-top"><div class="uagb-ifb-content"><div class="uagb-ifb-title-wrap"><h5 class="uagb-ifb-title-prefix">01.</h5><h4 class="uagb-ifb-title">— Diversidad</h4></div><p class="uagb-ifb-desc">Creemos en el poder de la diversidad. En nuestra comunidad promovemos la unión y el intercambio respetuoso entre diferentes culturas y personalidades. Cada persona, independientemente de su origen o procedencia, aporta perspectivas valiosas que enriquecen y fortalecen la convivencia.</p></div></div>



<div class="wp-block-uagb-info-box uagb-block-c7272f74 uagb-infobox__content-wrap  uagb-infobox-icon-above-title uagb-infobox-image-valign-top"><div class="uagb-ifb-content"><div class="uagb-ifb-title-wrap"><h5 class="uagb-ifb-title-prefix">02.</h5><h4 class="uagb-ifb-title">— Sostenibilidad</h4></div><p class="uagb-ifb-desc">Nuestra visión es un futuro sostenible para todos. Estamos activamente comprometidos con la protección del medio ambiente, el reciclaje y el uso de energías renovables. Juntos podemos implementar proyectos que hagan que nuestro mundo sea más verde, ya sea apoyando iniciativas existentes o introduciendo ideas nuevas y creativas.</p></div></div>



<div class="wp-block-uagb-info-box uagb-block-1675e9f3 uagb-infobox__content-wrap  uagb-infobox-icon-above-title uagb-infobox-image-valign-top"><div class="uagb-ifb-content"><div class="uagb-ifb-title-wrap"><h5 class="uagb-ifb-title-prefix">03.</h5><h4 class="uagb-ifb-title">— Desarrollo Personal</h4></div><p class="uagb-ifb-desc">Queremos ayudar a las personas a desarrollar todo su potencial. Al promover el acceso a la educación, el trabajo y la salud, creamos las bases para una vida plena y autodeterminada. Toda persona tiene derecho al desarrollo personal y a la posibilidad de realizar sus sueños.</p></div></div>
</div>
</div>
</div>
</div></div>

<p>Willkommen bei La Casa Latina e.V.! Wir wollen eine Welt schaffen, in der jeder die Chance hat, gehört zu werden und seine Ideen umzusetzen. Unser Ziel ist es, eine verantwortungsvolle, [&hellip;]</p>

Willkommen bei La Casa Latina e.V.! Wir wollen eine Welt schaffen, in der jeder die Chance hat, gehört zu werden und seine Ideen umzusetzen. Unser Ziel ist es, eine verantwortungsvolle, [&hellip;]
